{"id":5213,"date":"2026-02-23T22:11:19","date_gmt":"2026-02-23T21:11:19","guid":{"rendered":"https:\/\/www.rusz.at\/?page_id=5213"},"modified":"2026-03-01T10:51:51","modified_gmt":"2026-03-01T09:51:51","slug":"agb-og","status":"publish","type":"page","link":"https:\/\/www.rusz.at\/index.php\/agb-og\/","title":{"rendered":"ABG OG"},"content":{"rendered":"\n[et_pb_section fb_built=&#8220;1&#8243; next_background_color=&#8220;#ffffff&#8220; _builder_version=&#8220;4.19.5&#8243; _module_preset=&#8220;default&#8220; background_enable_color=&#8220;off&#8220; use_background_color_gradient=&#8220;on&#8220; background_color_gradient_stops=&#8220;rgba(193,191,193,0.78) 1%|rgba(236,238,238,0.25) 100%&#8220; background_color_gradient_overlays_image=&#8220;on&#8220; background_enable_image=&#8220;off&#8220; min_height=&#8220;400px&#8220; min_height_last_edited=&#8220;off|desktop&#8220; height_last_edited=&#8220;off|desktop&#8220; custom_margin=&#8220;||||false|false&#8220; custom_padding=&#8220;||||false|false&#8220; bottom_divider_style=&#8220;wave2&#8243; background_last_edited=&#8220;off|desktop&#8220; da_disable_devices=&#8220;off|off|off&#8220; border_width_top=&#8220;5px&#8220; border_color_top=&#8220;#ec6727&#8243; global_colors_info=&#8220;{}&#8220; background__hover_enabled=&#8220;off|desktop&#8220; use_background_color_gradient__hover=&#8220;off&#8220; max_height__hover_enabled=&#8220;off|hover&#8220; height__hover_enabled=&#8220;off|hover&#8220; min_height__hover_enabled=&#8220;off|hover&#8220; da_is_popup=&#8220;off&#8220; da_exit_intent=&#8220;off&#8220; da_has_close=&#8220;on&#8220; da_alt_close=&#8220;off&#8220; da_dark_close=&#8220;off&#8220; da_not_modal=&#8220;on&#8220; da_is_singular=&#8220;off&#8220; da_with_loader=&#8220;off&#8220; da_has_shadow=&#8220;on&#8220;][et_pb_row _builder_version=&#8220;4.19.5&#8243; _module_preset=&#8220;default&#8220; background_color=&#8220;RGBA(255,255,255,0)&#8220; custom_margin=&#8220;||||false|false&#8220; custom_padding=&#8220;||||false|false&#8220; global_colors_info=&#8220;{}&#8220;][et_pb_column type=&#8220;4_4&#8243; _builder_version=&#8220;4.19.5&#8243; _module_preset=&#8220;default&#8220; background_color=&#8220;RGBA(255,255,255,0)&#8220; custom_padding=&#8220;60px|60px|40px|60px|false|true&#8220; border_radii=&#8220;on|3px|3px|3px|3px&#8220; global_colors_info=&#8220;{}&#8220;][et_pb_text _builder_version=&#8220;4.20.4&#8243; _module_preset=&#8220;default&#8220; text_font=&#8220;Montserrat||||||||&#8220; text_text_color=&#8220;#FFFFFF&#8220; text_font_size=&#8220;19px&#8220; text_line_height=&#8220;1.4em&#8220; header_font=&#8220;Cooper Black||||||||&#8220; header_text_align=&#8220;center&#8220; header_text_color=&#8220;#525353&#8243; header_font_size=&#8220;1.8em&#8220; header_line_height=&#8220;1.5em&#8220; background_color=&#8220;RGBA(255,255,255,0)&#8220; module_alignment=&#8220;center&#8220; custom_margin=&#8220;||||false|false&#8220; header_font_size_tablet=&#8220;1.6em&#8220; header_font_size_phone=&#8220;1.4em&#8220; header_font_size_last_edited=&#8220;on|phone&#8220; global_colors_info=&#8220;{}&#8220;]<h1>AGB<\/h1>[\/et_pb_text][\/et_pb_column][\/et_pb_row][\/et_pb_section][et_pb_section fb_built=&#8220;1&#8243; _builder_version=&#8220;4.19.5&#8243; _module_preset=&#8220;default&#8220; custom_margin=&#8220;||||false|false&#8220; custom_padding=&#8220;0px||||false|false&#8220; da_disable_devices=&#8220;off|off|off&#8220; global_colors_info=&#8220;{}&#8220; da_is_popup=&#8220;off&#8220; da_exit_intent=&#8220;off&#8220; da_has_close=&#8220;on&#8220; da_alt_close=&#8220;off&#8220; da_dark_close=&#8220;off&#8220; da_not_modal=&#8220;on&#8220; da_is_singular=&#8220;off&#8220; da_with_loader=&#8220;off&#8220; da_has_shadow=&#8220;on&#8220;][et_pb_row _builder_version=&#8220;4.20.4&#8243; _module_preset=&#8220;default&#8220; global_colors_info=&#8220;{}&#8220;][et_pb_column type=&#8220;4_4&#8243; _builder_version=&#8220;4.19.5&#8243; _module_preset=&#8220;default&#8220; global_colors_info=&#8220;{}&#8220;][et_pb_text _builder_version=&#8220;4.27.3&#8243; _module_preset=&#8220;default&#8220; text_font=&#8220;Montserrat||||||||&#8220; text_font_size=&#8220;1.1em&#8220; header_2_font_size=&#8220;1.4em&#8220; text_font_size_tablet=&#8220;1em&#8220; text_font_size_phone=&#8220;0.9em&#8220; text_font_size_last_edited=&#8220;on|phone&#8220; text_line_height_tablet=&#8220;&#8220; text_line_height_phone=&#8220;1.4em&#8220; text_line_height_last_edited=&#8220;on|phone&#8220; ol_font_size_tablet=&#8220;&#8220; ol_font_size_phone=&#8220;&#8220; ol_font_size_last_edited=&#8220;on|phone&#8220; ol_line_height_tablet=&#8220;&#8220; ol_line_height_phone=&#8220;1.3em&#8220; ol_line_height_last_edited=&#8220;on|phone&#8220; header_2_font_size_tablet=&#8220;1.3em&#8220; header_2_font_size_phone=&#8220;1.2em&#8220; header_2_font_size_last_edited=&#8220;on|phone&#8220; header_2_line_height_tablet=&#8220;1.3em&#8220; header_2_line_height_phone=&#8220;1.3em&#8220; header_2_line_height_last_edited=&#8220;on|tablet&#8220; global_colors_info=&#8220;{}&#8220;]<div class=\"page\" title=\"Page 1\">\n<div class=\"layoutArea\">\n<div class=\"column\">\n<p style=\"text-align: center;\"><span style=\"font-size: x-large;\"><strong>Allgemeine Gescha\u0308ftsbedingungen (AGB)<\/strong> <\/span><\/p>\n<p style=\"text-align: center;\"><span style=\"font-size: x-large;\">der <strong>Reparaturprofi R.U.S.Z OG<\/strong><\/span><\/p>\n<\/div>\n<\/div>\n<\/div>\n<div class=\"page\" title=\"Page 6\">\n<div class=\"layoutArea\">\n<div class=\"column\">\n<p><span style=\"color: #f79646;\">ReparaturProfi R.U.S.Z OG <\/span><\/p>\n<p>&nbsp;<\/p>\n<p>I. Geltungsbereich<\/p>\n<p>&nbsp;<\/p>\n<p>Diese Allgemeinen Gesch\u00e4ftsbedingungen regeln die Rechtsbeziehungen<\/p>\n<p>zwischen dem ReparaturProfiR.U.S.Z OG, in Schwendergasse 21-23, 1150 Wien (im Folgenden<\/p>\n<p>kurz \u201dR.U.S.Z OG\u201d genannt) und Ihnen (nachfolgend auch der \u201eKunde\u201c) in Bezug auf<\/p>\n<p>Leistungen ( Erbringung von Dienstleistungen, Serviceleistungen) sowie den Verkauf von Waren im station\u00e4ren<\/p>\n<p>Betrieb oder im Rahmen von Vor-Ort-Leistungen, jeweils in der zum Zeitpunkt<\/p>\n<p>der Leistungserbringung g\u00fcltigen Fassung.<\/p>\n<p>Die Allgemeinen Gesch\u00e4ftsbedingungen finden auf Gesch\u00e4fte mit Kunden<\/p>\n<p>Anwendung, die als Verbraucher gelten. Verbraucher ist jede nat\u00fcrliche Person,<\/p>\n<p>die ein Rechtsgesch\u00e4ft zu einem Zweck abschlie\u00dft, der \u00fcberwiegend weder<\/p>\n<p>ihrer gewerblichen noch ihrer selbst\u00e4ndigen beruflichen T\u00e4tigkeit zugerechnet<\/p>\n<p>werden kann.<\/p>\n<p>&nbsp;<\/p>\n<p>II. Preise, Lieferung, Zahlung<\/p>\n<p>&nbsp;<\/p>\n<p>1. Alle Preisangaben schlie\u00dfen die jeweils g\u00fcltige, gesetzliche<\/p>\n<p>Umsatzsteuer ein.<\/p>\n<p>2. Die Preise sind Brutto- und Abholpreise. Die Kosten f\u00fcr Verpackung,<\/p>\n<p>Versand, Nachnahmegeb\u00fchren und sonstige Serviceleistungen wie<\/p>\n<p>beispielsweise Montage, sind in den Preisen nicht inkludiert und werden<\/p>\n<p>gesondert in Rechnung gestellt.<\/p>\n<p>3. Bis zur vollst\u00e4ndigen Bezahlung bleibt die Ware Eigentum von R.U.S.Z OG.<\/p>\n<p>R.U.S.Z OG ist zu Teillieferungen berechtigt, wenn die Teillieferung f\u00fcr Sie im<\/p>\n<p>Rahmen des vertraglichen Bestimmungszwecks verwendbar ist, die<\/p>\n<p>Erbringung der restlichen Leistung sichergestellt ist und Ihnen hierdurch kein<\/p>\n<p>erheblicher Mehraufwand oder zus\u00e4tzliche Kosten entstehen (es sei denn, wir<\/p>\n<p>erkl\u00e4ren uns zur \u00dcbernahme dieser Kosten bereit).<\/p>\n<p>4. Die Zahlung erfolgt als Barzahlung bei \u00dcbernahme der Ware. Die<\/p>\n<p>Rechnungsbelegung erfolgt bei Abholung bzw. \u00dcbernahme der Ware oder<\/p>\n<p>bei Zustellung.<\/p>\n<p>5. Ist der Kunde Verbraucher im Sinne des Konsumentenschutzgesetzes, ist er berechtigt, seine Verbindlichkeiten dann durch Aufrechnung zu tilgen,wenn<\/p>\n<p>R.U.S.Z OG zahlungsunf\u00e4hig ist und wenn die Gegenforderung in einem rechtlichen Zusammenhang mit der Verbindlichkeit des Verbrauchers steht,<\/p>\n<p>diese gerichtlich festgestellt oder von R.U.S.Z OG anerkannt worden ist. Dar\u00fcber<\/p>\n<p>hinaus und bei Vorliegen eines beiderseitigen Unternehmergesch\u00e4fts ist eine<\/p>\n<p>Aufrechnung des Kunden ausgeschlossen.<\/p>\n<p>6. F\u00fcr den Fall des Zahlungsverzuges des Kunden ist das R.U.S.Z OG berechtigt,<\/p>\n<p>Verzugszinsen in H\u00f6he von 4% zu begehren.<\/p>\n<p>&nbsp;<\/p>\n<p>III. Kostenvoranschlag<\/p>\n<p>&nbsp;<\/p>\n<p>1. Von R.U.S.Z OG erstellte Kostenvoranschl\u00e4ge sind kostenpflichtig, sofern nichts<\/p>\n<p>Anderes vereinbart wurde. Der Auftrag zur Erstellung eines solchen<\/p>\n<p>Kostenvoranschlags wird durch \u00dcbergabe der zu \u00fcberpr\u00fcfenden oder<\/p>\n<p>reparierenden Sache an R.U.S.Z OG und\/oder durch einen Auftrag zu einer vor<\/p>\n<p>Ort \u00dcberpr\u00fcfung\/Reparatur der Sache erteilt.<\/p>\n<p>Wir weisen darauf hin, dass Ger\u00e4te, die nach telefonischer \u00dcbermittlung<\/p>\n<p>des Kostenvoranschlags nicht zur Reparatur beauftragt werden, nur in<\/p>\n<p>zerlegter Form ausgeh\u00e4ndigt werden k\u00f6nnen.<\/p>\n<p>2. Ein Kostenvoranschlag beinhaltet eine nach kaufm\u00e4nnischen und<\/p>\n<p>technischen Gesichtspunkten vorgenommene Detaillierung und<\/p>\n<p>Aufschl\u00fcsselung bei den Einzelposten Material und Arbeit.<\/p>\n<p>&nbsp;<\/p>\n<p>IV. Bestellungen und Vertragsabschluss<\/p>\n<p>&nbsp;<\/p>\n<p>1. Die Pr\u00e4sentationen der Leistungen auf der Homepage sind keine<\/p>\n<p>rechtsverbindlichen Angebote, sondern stellen lediglich eine unverbindliche<\/p>\n<p>Aufforderung an den Kunden dar, eine Bestellung an R.U.S.Z OG zu richten und<\/p>\n<p>f\u00fchren bei Bestellung noch nicht zum unmittelbaren Abschluss eines<\/p>\n<p>Vertrages.<\/p>\n<p>2. Der Kunde hat die M\u00f6glichkeit, Bestellungen schriftlich mittels E-Mail,<\/p>\n<p>telefonisch, postalisch oder pers\u00f6nlich aufzugeben.<\/p>\n<p>3. F\u00fcr telefonische Bestellungen gelten die allgemeinen \u00d6ffnungszeiten. Bei<\/p>\n<p>telefonischer Bestellung ist eine Beratung, auch zu Alternativmodellen, und<\/p>\n<p>die Erteilung von sofortigen Lieferausk\u00fcnften m\u00f6glich.<\/p>\n<p>&nbsp;<\/p>\n<p>V. Gew\u00e4hrleistung<\/p>\n<p>&nbsp;<\/p>\n<p>1. Sofern nichts Anderes bestimmt ist, gelten die gesetzlichen<\/p>\n<p>Gew\u00e4hrleistungsbestimmungen. R.U.S.Z OG gew\u00e4hrleistet, dass die Qualit\u00e4t<\/p>\n<p>der Lieferungen oder Leistungen dem jeweiligen Stand der Technik<\/p>\n<p>entsprechen.<\/p>\n<p>2. Bestehende und \u00fcber die Gew\u00e4hrleistung hinausgehende<\/p>\n<p>Herstellergarantien werden durch die vorstehenden Bestimmungen nicht<\/p>\n<p>beeintr\u00e4chtigt. Die Garantiezusagen, welche im Verh\u00e4ltnis zwischen<\/p>\n<p>Hersteller der Ware und K\u00e4ufer gelten, sind nicht auf das<\/p>\n<p>Vertragsverh\u00e4ltnis zwischen R.U.S.Z OG und K\u00e4ufer anzuwenden; R.U.S.Z OG<\/p>\n<p>haftet sohin nicht aufgrund der vom Hersteller \u00fcbernommenen Garantien.<\/p>\n<p>&nbsp;<\/p>\n<p>VI. Haftung<\/p>\n<p>&nbsp;<\/p>\n<p>1. R.U.S.Z OG oder deren gesetzlicher Vertreter oder Erf\u00fcllungsgehilfen haften<\/p>\n<p>f\u00fcr Sch\u00e4den nur bei grober Fahrl\u00e4ssigkeit oder bei Vorsatz. Hiervon<\/p>\n<p>ausgenommen sind Schadensersatzanspr\u00fcche aus der Verletzung des<\/p>\n<p>Lebens, des K\u00f6rpers, der Gesundheit, sowie aus der schuldhaften<\/p>\n<p>Verletzung wesentlicher Vertragspflichten (also solcher, deren Erf\u00fcllung<\/p>\n<p>zur Erreichung des Vertragsziels notwendig ist).<\/p>\n<p>2. Bei der Verletzung wesentlicher Vertragspflichten haftet R.U.S.Z OG nur f\u00fcr<\/p>\n<p>den vertragstypischen, vorhersehbaren Schaden, wenn dieser einfach<\/p>\n<p>fahrl\u00e4ssig verursacht wurde, es sei denn, es handelt sich um<\/p>\n<p>Schadensersatzanspr\u00fcche aus einer Verletzung des Lebens, des K\u00f6rpers<\/p>\n<p>oder der Gesundheit.<\/p>\n<p>3. Die Vorschriften des Produkthaftungsgesetzes bleiben unber\u00fchrt.<\/p>\n<p>&nbsp;<\/p>\n<p>VII. Annahmeverzug, Zahlungsverzug<\/p>\n<p>&nbsp;<\/p>\n<p>1. Bei Annahmeverzug oder Zahlungsverzug des Kunden ist das R.U.S.Z OG<\/p>\n<p>unter Setzung einer 14-t\u00e4gigen Nachfrist zum sofortigen R\u00fccktritt vom<\/p>\n<p>Vertrag berechtigt.<\/p>\n<p>2. Tritt der Kunde unberechtigter Weise vom Vertrag zur\u00fcck, ist R.U.S.Z OG<\/p>\n<p>berechtigt, auf der Erf\u00fcllung des Vertrages zu bestehen oder der Aufhebung<\/p>\n<p>des Vertrages zuzustimmen. F\u00fcr den Fall eines R\u00fccktritts ist der K\u00e4ufer<\/p>\n<p>verpflichtet, nach Wahl des R.U.S.Z OG einen pauschalierten Schadenersatz<\/p>\n<p>von 15% des Bruttorechnungsbetrags oder den tats\u00e4chlich entstandenen<\/p>\n<p>Schaden zu bezahlen.<\/p>\n<p>&nbsp;<\/p>\n<p>VIII. Zur\u00fcckbehaltungsrecht<\/p>\n<p>&nbsp;<\/p>\n<p>1. R.U.S.Z OG steht wegen aller seiner Forderungen aus Reparaturauftr\u00e4gen,<\/p>\n<p>insbesondere f\u00fcr die Reparaturarbeiten, sowie f\u00fcr Waren- und<\/p>\n<p>Ersatzteillieferungen ein Zur\u00fcckbehaltungsrecht am Reparaturgegenstand<\/p>\n<p>bzw. den Waren des Kunden zu.<\/p>\n<p>2. Dieses Recht besteht auch bis zur Tilgung von Schulden desselben<\/p>\n<p>Kunden aus fr\u00fcheren Instandsetzungsauftr\u00e4gen.<\/p>\n<p>3. Alle gelieferten und anmontierten Waren bleiben bis zur vollst\u00e4ndigen<\/p>\n<p>Bezahlung Eigentum von R.U.S.Z OG. R.U.S.Z OG ist berechtigt, die unter<\/p>\n<p>Eigentumsvorbehalt stehenden Waren jederzeit ohne Einholung einer<\/p>\n<p>weiteren Zustimmung des Kunden auf dessen Kosten abzumontieren<\/p>\n<p>und\/oder an sich zu nehmen, wenn Letzterer in Zahlungsverzug ist.<\/p>\n<p>4. Im Fall der Aus\u00fcbung des Zur\u00fcckbehaltungsrechts am<\/p>\n<p>Reparaturgegenstand bzw. den Waren kann R.U.S.Z OG angemessene<\/p>\n<p>Stellkosten bzw. eine Lagergeb\u00fchr zu verrechnen.<\/p>\n<p>&nbsp;<\/p>\n<p>IX. Verfall und Verwahrkosten<\/p>\n<p>&nbsp;<\/p>\n<p>Der Kunde hat die zur Reparatur \u00fcbergebenen Gegenst\u00e4nde binnen<\/p>\n<p>angemessener Frist ab Bekanntgabe der Abholbereitschaft zu \u00fcbernehmen.<\/p>\n<p>Werden \u00fcbernommene Gegenst\u00e4nde nicht binnen 4 Wochen ab Bekanntgabe<\/p>\n<p>der Abholbereitschaft \u00fcbernommen, so ist R.U.S.Z OG berechtigt, f\u00fcr die<\/p>\n<p>\u00fcbernommene Gegenst\u00e4nde angemessene Stell- und Verwahrkosten bis<\/p>\n<p>Abholung oder Verfall geltend zu machen. Aufbewahrungsma\u00dfnahmen und<\/p>\n<p>Aufbewahrungskosten, die aus Gr\u00fcnden notwendig werden, die in der Sph\u00e4re<\/p>\n<p>des Auftraggebers liegen, gehen zu Lasten und auf Kosten des Auftraggebers.<\/p>\n<p>Werden zur Reparatur \u00fcbergebene Gegenst\u00e4nde nicht binnen 6 Monaten ab<\/p>\n<p>Bekanntgabe der Abholbereitschaft \u00fcbernommen, ist die Sache verfallen und<\/p>\n<p>R.U.S.Z OG berechtigt, die Gegenst\u00e4nde auf eigene Rechnung zu verwerten oder<\/p>\n<p>zu vernichten.<\/p>\n<p>&nbsp;<\/p>\n<p>X. Altteile<\/p>\n<p>&nbsp;<\/p>\n<p>Ersetzte Altteile gehen, sofern im Auftrag nicht ausdr\u00fccklich anders vereinbart,<\/p>\n<p>in das entsch\u00e4digungslose Eigentum von R.U.S.Z OG \u00fcber und werden \u2013 sofern es<\/p>\n<p>sich nicht um Tauschteile handelt \u2013 von R.U.S.Z OG entsorgt. Allf\u00e4llige<\/p>\n<p>Entsorgungskosten sowie mit der Entsorgung in Verbindung stehende Steuern<\/p>\n<p>und Geb\u00fchren gehen zu Lasten des Kunden. Ersatzteile sind au\u00dfer in den<\/p>\n<p>gesetzlich vorgesehenen F\u00e4llen vom Umtausch ausgeschlossen.<\/p>\n<p>&nbsp;<\/p>\n<p>XI. Sonderbestimmungen<\/p>\n<p>&nbsp;<\/p>\n<p>Notfallreparatur vor Ort<\/p>\n<p>Im Falle einer Notfallreparatur vor Ort gilt:<\/p>\n<p>Gem\u00e4\u00df \u00a718 (2) FAGG hat der Verbraucher kein R\u00fccktrittsrecht bei Vertr\u00e4gen<\/p>\n<p>\u00fcber dringende Reparatur- oder Instandhaltungsarbeiten, bei denen der<\/p>\n<p>Verbraucher den Unternehmer ausdr\u00fccklich zu einem Besuch zur Ausf\u00fchrung<\/p>\n<p>dieser Arbeiten aufgefordert hat. Erbringt der Unternehmer bei einem solchen<\/p>\n<p>Besuch weitere Dienstleistungen, die der Verbraucher nicht ausdr\u00fccklich verlangt<\/p>\n<p>hat, oder liefert er Waren, die bei der Instandhaltung oder Reparatur nicht<\/p>\n<p>unbedingt als Ersatzteile ben\u00f6tigt werden, so steht dem Verbraucher hinsichtlich<\/p>\n<p>dieser zus\u00e4tzlichen Dienstleistungen oder Waren das R\u00fccktrittsrecht zu. Bei<\/p>\n<p>weiteren Fragen zu R\u00fccksendungen wenden Sie sich bitte an den<\/p>\n<p>Kundenservice: Telefon 0043-1-9821647-2.<\/p>\n<p>&nbsp;<\/p>\n<p>XII. Datenschutz<\/p>\n<p>&nbsp;<\/p>\n<p>1. Alle dem R.U.S.Z OG bekannt werdenden Kundendaten werden<\/p>\n<p>ausschlie\u00dflich im Rahmen der geltenden Datenschutzgesetze genutzt und<\/p>\n<p>verarbeitet.<\/p>\n<p>2. Folgende Kundendaten werden von R.U.S.Z OG gespeichert: Name, Adresse,<\/p>\n<p>Postanschrift, Telefonnummer, E-Mail-Adresse, Geburtsdatum, sowie Ihre<\/p>\n<p>Bankdaten (bei Zahlung per Bankeinzug) und abweichende<\/p>\n<p>Lieferanschriften.<\/p>\n<p>3. Diese Daten werden zum Zweck der Auftragsabwicklung und f\u00fcr<\/p>\n<p>Bestellungen, die Zustellung der Waren, die Bearbeitung von<\/p>\n<p>Reklamationen, sowie die Abwicklung von Gew\u00e4hrleistung oder Garantie<\/p>\n<p>vom R.U.S.Z OG verarbeitet.<\/p>\n<p>4. Diese Daten werden nur zum Zweck der Ausf\u00fchrung der Bestellung und der<\/p>\n<p>Fakturierung an Dritte weitergegeben; und zwar an Paket- und<\/p>\n<p>Postdienstleister (Kundenname und -adresse), sowie an Banken<\/p>\n<p>(Einzugserm\u00e4chtigungen, Kundenname und -adresse, Rechnungsbetr\u00e4ge)<\/p>\n<p>bzw. Kreditkartenunternehmen (Kundenname und -adresse,<\/p>\n<p>Kreditkartennummern, Rechnungsbetr\u00e4ge).<\/p>\n<p>5. Ansonsten findet eine Weitergabe von Kundendaten an Dritte nur statt,<\/p>\n<p>wenn der Kunde der Weitergabe ausdr\u00fccklich und im Einzelfall schriftlich<\/p>\n<p>zugestimmt hat.<\/p>\n<p>6. Ihnen stehen grunds\u00e4tzlich die Rechte auf Auskunft, Berichtigung,<\/p>\n<p>L\u00f6schung, Einschr\u00e4nkung, Daten\u00fcbertragbarkeit und Widerspruch zu.<\/p>\n<p>Durch den Widerruf wird die Rechtm\u00e4\u00dfigkeit der bis dahin erfolgten<\/p>\n<p>Verarbeitung nicht ber\u00fchrt.<\/p>\n<p>7. Wir speichern Ihre Daten f\u00fcr die Dauer der Gesch\u00e4ftsbeziehung und<\/p>\n<p>dar\u00fcber hinaus im Rahmen der jeweils zur Anwendung gelangenden<\/p>\n<p>gesetzlichen Aufbewahrungs- und Dokumentationspflichten.<\/p>\n<p>8. Verantwortliche Stelle im Sinne der Datenschutzgesetze ist R.U.S.Z OG. Wenn<\/p>\n<p>Sie Fragen zum Datenschutz haben, Rechte oder Anspr\u00fcche zu Ihren<\/p>\n<p>personenbezogenen Daten aus\u00fcben m\u00f6chten, schicken Sie uns bitte eine<\/p>\n<p>E-Mail an <a href=\"mailto:kundenzentrum@rusz.at\"><span style=\"color: #0000ff;\"><u>kundenzentrum@rusz.at<\/u><\/span><\/a>.<\/p>\n<p>&nbsp;<\/p>\n<p>XIII. Anwendbares Recht, Erf\u00fcllungsort<\/p>\n<p>&nbsp;<\/p>\n<p>1. Erf\u00fcllungsort f\u00fcr alle Verpflichtungen aus diesem Vertrag ist der Sitz des<\/p>\n<p>R.U.S.Z OG. Alle Rechtsbeziehungen zwischen dem Kunden und dem R.U.S.Z OG<\/p>\n<p>unterliegen dem \u00f6sterreichischen materiellen Recht. F\u00fcr Rechtsbeziehungen<\/p>\n<p>mit Verbraucherkunden bleiben zwingende Verbraucherrechte des<\/p>\n<p>Herkunftslandes des Kunden unber\u00fchrt. Die Anwendung des UN-Kaufrechts<\/p>\n<p>ist ausgeschlossen.<\/p>\n<p>2. F\u00fcr die Rechtzeitigkeit schriftlicher Erkl\u00e4rungen ist die Absendung innerhalb<\/p>\n<p>der jeweiligen Frist ausreichend. Sie k\u00f6nnen wirksam nur an die im Vertrag<\/p>\n<p>jeweils angegebenen Adressen versandt werden.<\/p>\n<p>&nbsp;<\/p>\n<p>XIV. Widerrufsbelehrung<\/p>\n<p>&nbsp;<\/p>\n<p>Bei Leistungen im Anwendungsbereich des Fernabsatz- und Ausw\u00e4rtsgesch\u00e4fteGesetz (FAGG) m\u00f6chten wir Sie auf folgendes hinweisen:<\/p>\n<p>Ausschlie\u00dflich f\u00fcr Verbraucherkunden iSd \u00a7 1 Abs 1 Z 2 KSchG, d.h. nat\u00fcrliche<\/p>\n<p>Personen, die ein Rechtsgesch\u00e4ft zu einem Zweck abschlie\u00dfen, der \u00fcberwiegend<\/p>\n<p>weder ihrer gewerblichen noch ihrer selbst\u00e4ndigen beruflichen T\u00e4tigkeit<\/p>\n<p>zugerechnet werden kann, gilt was folgt:<\/p>\n<p>Widerrufsrecht<\/p>\n<p>Sie haben das Recht, binnen vierzehn Tagen ohne Angaben von Gr\u00fcnden diesen<\/p>\n<p>Vertrag zu widerrufen. Die Widerrufsfrist betr\u00e4gt vierzehn Tage ab dem Tag, an<\/p>\n<p>dem Sie oder ein von Ihnen benannter Dritter, der nicht der Bef\u00f6rderer ist, die letzte<\/p>\n<p>Ware in Besitz genommen haben bzw. hat. Um Ihr Widerrufsrecht auszu\u00fcben,<\/p>\n<p>m\u00fcssen Sie uns<\/p>\n<p>ReparaturProfi R.U.S.Z OG<\/p>\n<p>Schwendergasse 21-23<\/p>\n<p>1150 Wien<\/p>\n<p>Tel: 0043-1-9821647-2<\/p>\n<p>E-Mail: kundenzentrum@rusz.at<\/p>\n<p>mittels einer eindeutigen Erkl\u00e4rung (z. B. ein mit der Post versandter Brief,<\/p>\n<p>oder E-Mail) \u00fcber Ihren Entschluss, diesen Vertrag zu widerrufen,<\/p>\n<p>informieren. Sie k\u00f6nnen daf\u00fcr das beigef\u00fcgte Muster-Widerrufsformular<\/p>\n<p>verwenden, das jedoch nicht vorgeschrieben ist.<\/p>\n<p>Zur Wahrung der Widerrufsfrist reicht es aus, dass Sie die Mitteilung \u00fcber die<\/p>\n<p>Aus\u00fcbung des Widerrufsrechts vor Ablauf der Widerrufsfrist absenden.<\/p>\n<p>Folgen des Widerrufs<\/p>\n<p>Wenn Sie diesen Vertrag widerrufen, haben wir Ihnen alle Zahlungen, die wir von<\/p>\n<p>Ihnen erhalten haben, einschlie\u00dflich der Lieferkosten (mit Ausnahme der<\/p>\n<p>zus\u00e4tzlichen Kosten, die sich daraus ergeben, dass Sie eine andere Art der<\/p>\n<p>Lieferung als die von uns angebotene, g\u00fcnstigste Standardlieferung gew\u00e4hlt<\/p>\n<p>haben), unverz\u00fcglich und sp\u00e4testens binnen vierzehn Tagen ab dem Tag<\/p>\n<p>zur\u00fcckzuzahlen, an dem die Mitteilung \u00fcber Ihren Widerruf dieses Vertrags bei uns<\/p>\n<p>eingegangen ist. F\u00fcr diese R\u00fcckzahlung verwenden wir dasselbe Zahlungsmittel,<\/p>\n<p>das Sie bei der urspr\u00fcnglichen Transaktion eingesetzt haben, es sei denn, mit<\/p>\n<p>Ihnen wurde ausdr\u00fccklich etwas anderes vereinbart; in keinem Fall werden Ihnen<\/p>\n<p>wegen dieser R\u00fcckzahlung Entgelte berechnet. Wir k\u00f6nnen die R\u00fcckzahlung<\/p>\n<p>verweigern, bis wir die Waren wieder zur\u00fcckerhalten haben oder bis Sie den<\/p>\n<p>Nachweis erbracht haben, dass Sie die Waren zur\u00fcckgesandt haben, je nachdem,<\/p>\n<p>welches der fr\u00fchere Zeitpunkt ist. Sie haben die Waren unverz\u00fcglich und in jedem<\/p>\n<p>Fall sp\u00e4testens binnen vierzehn Tagen ab dem Tag, an dem Sie uns \u00fcber den<\/p>\n<p>Widerruf dieses Vertrags unterrichten, an uns zur\u00fcckzusenden oder zu \u00fcbergeben.<\/p>\n<p>Die Frist ist gewahrt, wenn Sie die Waren vor Ablauf der Frist von vierzehn Tagen<\/p>\n<p>absenden. Sie tragen die unmittelbaren Kosten der R\u00fccksendung der Waren. Sie<\/p>\n<p>m\u00fcssen f\u00fcr einen etwaigen Wertverlust der Waren nur aufkommen, wenn dieser<\/p>\n<p>Wertverlust auf einen zur Pr\u00fcfung der Beschaffenheit, Eigenschaften und<\/p>\n<p>Funktionsweisen der Waren nicht notwendigen Umgang mit ihnen zur\u00fcckzuf\u00fchren<\/p>\n<p>ist.<\/p>\n<p>Ende der Widerrufsbelehrung.<\/p>\n<p>Bei weiteren Fragen zu R\u00fccksendungen wenden Sie sich bitte an den<\/p>\n<p>Kundenservice: Telefon 0043-1-9821647-2.<\/p>\n<p>Muster-Widerrufsformular<\/p>\n<p>Wenn Sie den Vertrag widerrufen wollen, dann f\u00fcllen Sie bitte dieses Formular aus<\/p>\n<p>und senden Sie es zur\u00fcck. Die Verwendung dieses Formulars ist jedoch nicht<\/p>\n<p>vorgeschrieben.<\/p>\n<p>An ReparaturProfiR.U.S.ZOG, Schwendergasse 21-23, 1150 Wien, Tel: 0043-1-9821647-2, EMail:<a href=\"mailto:kundenzentrum@rusz.at\"><span style=\"color: #0000ff;\"><u>kundenzentrum@rusz.at<\/u><\/span><\/a><\/p>\n<p>&nbsp;<\/p>\n<p>Hiermit widerrufe(n) ich\/wir (*) den von mir\/uns (*) abgeschlossenen Vertrag \u00fcber<\/p>\n<p>den Kauf der folgenden Waren (*)\/die Erbringung der folgenden Dienstleistung (*)<\/p>\n<p>Bestellt am (*)\/erhalten am (*)<\/p>\n<p>Name des\/der Verbraucher(s)<\/p>\n<p>Anschrift des\/der Verbraucher(s)<\/p>\n<p>Unterschrift des\/der Verbraucher(s) (nur bei Mitteilung auf Papier)<\/p>\n<p>Datum<\/p>\n<p>(*) Unzutreffendes streichen.<\/p>\n<p>Der Widerruf ist ausgeschlossen, wenn Waren geliefert werden, die nach<\/p>\n<p>Kundenspezifikationen angefertigt werden oder die eindeutig auf die pers\u00f6nlichen<\/p>\n<p>Bed\u00fcrfnisse des Kunden zugeschnitten sind.<\/p>\n<\/div>\n<\/div>\n<\/div>[\/et_pb_text][\/et_pb_column][\/et_pb_row][\/et_pb_section]\n","protected":false},"excerpt":{"rendered":"<p>AGB Allgemeine Gescha\u0308ftsbedingungen (AGB) der Reparaturprofi R.U.S.Z OG ReparaturProfi R.U.S.Z OG &nbsp; I. Geltungsbereich &nbsp; Diese Allgemeinen Gesch\u00e4ftsbedingungen regeln die Rechtsbeziehungen zwischen dem ReparaturProfiR.U.S.Z OG, in Schwendergasse 21-23, 1150 Wien (im Folgenden kurz \u201dR.U.S.Z OG\u201d genannt) und Ihnen (nachfolgend auch der \u201eKunde\u201c) in Bezug auf Leistungen ( Erbringung von Dienstleistungen, Serviceleistungen) sowie den Verkauf von [&hellip;]<\/p>\n","protected":false},"author":9,"featured_media":0,"parent":0,"menu_order":0,"comment_status":"closed","ping_status":"closed","template":"","meta":{"_et_pb_use_builder":"on","_et_pb_old_content":"","_et_gb_content_width":"","footnotes":""},"class_list":["post-5213","page","type-page","status-publish","hentry"],"_links":{"self":[{"href":"https:\/\/www.rusz.at\/index.php\/wp-json\/wp\/v2\/pages\/5213","targetHints":{"allow":["GET"]}}],"collection":[{"href":"https:\/\/www.rusz.at\/index.php\/wp-json\/wp\/v2\/pages"}],"about":[{"href":"https:\/\/www.rusz.at\/index.php\/wp-json\/wp\/v2\/types\/page"}],"author":[{"embeddable":true,"href":"https:\/\/www.rusz.at\/index.php\/wp-json\/wp\/v2\/users\/9"}],"replies":[{"embeddable":true,"href":"https:\/\/www.rusz.at\/index.php\/wp-json\/wp\/v2\/comments?post=5213"}],"version-history":[{"count":5,"href":"https:\/\/www.rusz.at\/index.php\/wp-json\/wp\/v2\/pages\/5213\/revisions"}],"predecessor-version":[{"id":5240,"href":"https:\/\/www.rusz.at\/index.php\/wp-json\/wp\/v2\/pages\/5213\/revisions\/5240"}],"wp:attachment":[{"href":"https:\/\/www.rusz.at\/index.php\/wp-json\/wp\/v2\/media?parent=5213"}],"curies":[{"name":"wp","href":"https:\/\/api.w.org\/{rel}","templated":true}]}}